0
Let v(c) be the third derivative of -c**9/60480 + c**8/2240 - c**7/720 - 7*c**6/720 + c**5/3 + 9*c**2. Let k(t) be the third derivative of v(t). Determine k(8).
1
Let k(w) = w**2 + 6*w - 2. Let q(x) = -x - 7. Let v be q(0). Let a(t) = t**2 + 6*t - 3. Let p(j) = v*a(j) + 6*k(j). What is p(-8)?
-7
Suppose 2*i + 3 = w, -2*i = 5*w - 0*w - 15. Let p(z) = z**w + 8*z**2 - 3 + 9 + 4 + 7*z. Give p(-7).
10
Let p(s) be the first derivative of -s**3/3 + 3*s**2 - 6*s + 8. Calculate p(5).
-1
Let l(w) be the first derivative of w**4/4 - 10*w**3/3 - 9*w**2/2 - 16*w + 10. Let q be l(11). Suppose -q*u = 3 + 3. Let g(v) = -12*v + 1. What is g(u)?
13
Let g(m) = m**2 + 5*m + 5. Let z(u) = 3*u**2 - 2*u + 5. Let l be z(4). Suppose 4*q + 5*q = -l. Determine g(q).
5
Let w(l) = 39*l**3 + 4*l + 14. Let r(t) = 13*t**3 + t + 4. Let o(i) = 7*r(i) - 2*w(i). What is o(-1)?
-12
Let z(y) = -36*y - 4. Let j(v) = -15*v - 2. Let q(k) = -7*j(k) + 3*z(k). Give q(4).
-10
Suppose -12*u = -40*u - 168. Let m(r) = r**2 + 5*r + 4. Calculate m(u).
10
Let k(t) be the third derivative of t**7/2520 + t**6/72 + t**5/12 + 5*t**4/8 + 35*t**2. Let m(x) be the second derivative of k(x). Calculate m(-8).
-6
Let j(q) = -q**3 + q**2 - q - 2. Let t(k) = 2*k**3 - 2*k**2. Let n be t(-2). Let u = 22 + n. Calculate j(u).
12
Suppose a + 3 = 5*a - 3*p, 2*p + 10 = 0. Let n(o) = 4*o**2 - 2*o + 2. What is n(a)?
44
Let k(n) be the third derivative of 5*n**4/24 - 2*n**3/3 - 14*n**2. Let m(f) = 6*f - 4. Let x(b) = -7*k(b) + 6*m(b). Give x(-2).
2
Let a(q) = -3*q**2 + 5*q**2 + 518 - 8*q - 528. Calculate a(8).
54
Let w(z) = -3*z + 20. Let d be w(6). Suppose 0 = -y - d + 7, -18 = -4*g - 2*y. Let s(a) = 2 + 3*a + 695*a**2 - 695*a**g - 5*a + 2*a**3. Calculate s(2).
14
Let u = 24 + -3. Let k be u/6*(-7 + 5). Let b(j) = j**3 + 6*j**2 - 8*j - 7. Calculate b(k).
0
Let o(m) be the third derivative of m**5/30 + m**4/8 - m**3/6 - m**2. Let z(l) = -105 + 105 + 2*l + l**2. Let s(j) = -2*o(j) + 3*z(j). Give s(2).
-2
Suppose -4*s + 0*s + 16 = 0. Suppose 13 = 8*c + 5. Let n(m) = -m - 5 - 4 + s + c. What is n(0)?
-4
Let l(t) = 7*t**2 + 5*t - 8. Let b(a) = -6*a**2 - 5*a + 7. Let u(i) = 6*b(i) + 5*l(i). Let x(c) = -c - 4. Let d = 73 + -73. Let h be x(d). What is u(h)?
6
Let x = 765 + -768. Let f(b) be the third derivative of b**4/6 + b**3/3 - b**2. Calculate f(x).
-10
Let h(z) = -24*z**2 - z. Suppose -5*j - 3 = 2*o, -4*j - 11 = j + 4*o. Suppose -60*l + j = -61*l. Calculate h(l).
-23
Let p(i) = -i**2 - i + 4. Let w(d) = d**2 + 24*d + 99. Let s be w(-19). Give p(s).
-16
Let a be -3 + (1 + -448)*3/(-9). Let n(h) = a - 149 - 3*h + h**2 - 2*h. Suppose -i = 2*l, i = -2*l + 7*l + 14. Give n(i).
-7
Let l be 6/(-8)*(24 - 28). Let a(r) = 2*r**2 - 6*r. What is a(l)?
0
Let x(a) = a**3 - 4*a**2 - 6*a - 3. Let l(m) = -m + 2. Let j be l(-3). Suppose j*w - 5 = 4*w. Give x(w).
-8
Suppose 0*z + 3 = 3*z. Let m = 35 + -33. Let b(n) = -2*n**2 - 52*n + 53*n - 3*n**m + 0*n**2. Determine b(z).
-4
Let k(h) be the second derivative of -h**4/12 + h**3 + 5*h**2 + 317*h. What is k(8)?
-6
Let w(b) = -3*b**2 - 13*b + 13. Let i(h) = -8*h**2 - 38*h + 41. Let g(k) = -4*i(k) + 11*w(k). Give g(6).
-3
Let a = -304 - -302. Let k(x) = 4*x**2. Give k(a).
16
Let i = 39 + -35. Suppose -i*s - 6 = -6*s. Let a(g) = -g**2 + 3*g + 4. Calculate a(s).
4
Let q(p) be the third derivative of -p**6/360 - p**4/6 - 6*p**2. Let s(j) be the second derivative of q(j). Give s(-3).
6
Let h = -124 - -129. Let o(x) be the second derivative of -1/20*x**5 + 0 - 1/6*x**3 - x**2 + 1/4*x**4 - h*x. Determine o(2).
0
Suppose -3*x - 13 + 1 = 0. Let h be -3 - ((-7 - x) + -2). Let b(c) = -c + 2*c - 4*c + 2*c**2. Give b(h).
2
Let l be (-2)/(-2) + 3 - 2. Let v(n) be the second derivative of n**5/20 + n**4/6 - n**3/3 - n. Give v(l).
12
Let u(i) = -11*i - 119. Let k be u(-11). Let h(y) be the second derivative of -7/6*y**3 + 7/12*y**4 - 7*y + 7/2*y**k + 0 - 1/20*y**5. Calculate h(6).
1
Let f(k) = k**3 - 13*k**2 + 12*k + 4. Suppose -25*w + 234 = -66. What is f(w)?
4
Let a = -7 - -10. Let x(y) = y**3 - 3*y**2 - 2*y + 3. Let u be x(a). Let b(l) = -l**2 + 442*l + 4 - 443*l + 0*l**2 + 0*l**2. What is b(u)?
-2
Suppose -3*k - 216 = 21*k. Let p(n) = n + 15. Determine p(k).
6
Let s(h) = h**2 + 8*h + 1. Suppose -2*z + 2*w - 29 = 5*w, -55 = 5*z + 4*w. What is s(z)?
-6
Let h(k) be the first derivative of -k**3/3 - 5*k**2 - 4*k - 50. Calculate h(-10).
-4
Let q = -31 + 3. Suppose -3*w - l + 123 - 32 = 0, 4*w = -2*l + 122. Let k = w + q. Let r(d) = 2*d**3 - d**2 - 2*d + 3. What is r(k)?
11
Let t = -41 - -38. Let k(r) = -r**2 - 3*r - 4. What is k(t)?
-4
Let l(f) = f + 2 - f**3 - 8 + 5. Give l(0).
-1
Let k(m) = -3 + m + 0 + 2453*m**2 - 2449*m**2 - m**3. What is k(4)?
1
Suppose 8 = -3*s - 4*h, -3*s - 40 = -8*s + 4*h. Let g(x) = 33*x + 3 - 39*x + x**2 - 2*x. Give g(s).
-13
Let w = -3 + 5. Suppose 5*s - 6*s + 1 = 0. Let z(f) = 2*f + 2 + s + w - f**3 + 3*f**2. Give z(4).
-3
Let h = 77 - 91. Let w be 17/5 + h/35*1. Let p(l) = -l**2. Let q(u) = u. Let n(j) = p(j) + 4*q(j). Calculate n(w).
3
Suppose -10 = 4*n + 2. Let j(k) = -3*k - 3. Let b(m) = 1 + 23*m - 29*m - 7. Let u(r) = n*b(r) + 5*j(r). What is u(-3)?
-6
Let b(x) = x**3 + 6*x**2 + 3*x. Let s be b(-6). Let o be 10/3*s/15. Let y(c) = -3*c - 5. What is y(o)?
7
Suppose 18*q = 17*q - 2*r - 1, -3*r = -5*q + 21. Let p(b) be the second derivative of 0 - 3/2*b**2 - 11*b + 1/3*b**q. Determine p(3).
3
Let b(n) = -n**2 + 5*n. Suppose -175 = -31*h + 11. Give b(h).
-6
Let a(c) = -c - 1. Let n(b) = b**2 - 4*b - 9. Let t be n(5). Let y be 3 + t/1 - 4. What is a(y)?
4
Let f(o) be the third derivative of -o**6/120 + 3*o**5/20 + o**4/3 + 10*o**3/3 - 9*o**2. Let q be f(10). Let i(a) = a + 6. Determine i(q).
6
Let w = 58 + -81. Let b = w + 22. Let s(k) = -4*k - 1. Let l be s(b). Let m(h) = 4*h. Give m(l).
12
Let t(j) = -3*j - 5. Let r be t(-3). Let s(i) = -i - 1. Let o(u) = u + 2. Let y(b) = r*o(b) + 3*s(b). Let z = 4 + -4. What is y(z)?
5
Let m(t) = 0*t**3 + 1 + 4*t - 5*t**2 + 0*t - 11 - t**3. Let o be m(-6). Let p(g) = -3*g**o - 2 + 30*g - 3*g**2 + g**3 + g**2 - 24*g. What is p(4)?
6
Let o(z) = 6*z**2 + 2*z - 47. Let s(j) = 7*j**2 + 4*j - 55. Let r(l) = -5*o(l) + 4*s(l). Determine r(6).
-21
Let p = 16 + -24. Let l(f) be the first derivative of -f**7/840 - f**6/45 + f**3/3 + 14. Let t(k) be the third derivative of l(k). What is t(p)?
0
Let g = 17 + -14. Suppose -2*r = -2*q + g*r + 15, 0 = 3*q - 2*r - 6. Suppose q*w = 2*w + 8. Let m(v) = v**2 + 5*v + 3. Calculate m(w).
-1
Let a(g) = 3. Let v(m) = 5*m + 20. Let k(l) = -6*a(l) + v(l). Calculate k(-3).
-13
Let y(v) = -4*v + 2. Let k = 24 + -29. Calculate y(k).
22
Let j(w) be the first derivative of 5*w**2/2 - 7*w + 114. Calculate j(6).
23
Let q be (-1)/2*0/(-1). Let j be (0 - q) + 2 + 4. Let v(l) = -2*l + 3. What is v(j)?
-9
Let h(w) be the third derivative of w**6/120 + w**5/10 - w**4/8 - 3*w**3/2 - 4*w**2 + 12. Give h(-6).
9
Let x = -23 + 34. Let s(j) = 5*j**3 + 26*j**2 + 6*j + 36. Let w(o) = -o**3 - 5*o**2 - o - 7. Let z(t) = x*w(t) + 2*s(t). Calculate z(-4).
7
Let g = 114 + -108. Let z(x) be the third derivative of -1/12*x**5 + 0*x - 1/6*x**3 + g*x**2 + 1/120*x**6 + 0 - 1/4*x**4. What is z(6)?
-1
Let v(u) be the first derivative of -u**3/3 - 5*u**2/2 + 5*u - 167. Give v(-7).
-9
Let d(p) = 5*p + 45. Let y be d(-8). Let a be (-2 - y/15)*3. Let k(z) = 9 + 4*z - 1 - 2*z. Give k(a).
-6
Let m(w) = w**2 + 6*w - 5. Let a = 15 - 10. Suppose -9 = a*k + 66. Let o = -22 - k. Determine m(o).
2
Let o(j) = 3*j**3 - 3*j**2 + 6*j + 1. Let s(d) = -4*d**3 + 5*d**2 - 9*d. Let i(q) = -7*o(q) - 5*s(q). What is i(-4)?
-19
Let r(s) be the third derivative of -s**5/20 - s**4/6 - s**3/2 + 108*s**2. Calculate r(-3).
-18
Let l be 68/119 + (-115)/(-7). Let v(k) = -4*k + 7*k - 29*k**2 + 17*k**2 + 3 + l*k**2. Determine v(-2).
17
Let o(n) = -n - 1. Let u = 36 - 23. Let w = -11 + u. Determine o(w).
-3
Let f(r) = 4*r**2 - 20*r + 12. Let p(y) = 7*y**2 - 31*y + 24. Let l(z) = 5*f(z) - 3*p(z). Give l(-6).
-6
Let s(g) = g**3 - 2*g - 1. Let j be s(-2). Let k be j*(-4)/(-4 + 0). Let y(c) = -2*c - 4. What is y(k)?
6
Suppose -4*f + 1 = -3*l, 0 = 4*f - 296*l + 294*l - 2. Let g(h) = -8*h**2 - 3*h + 2. What is g(f)?
-9
Suppose 10*d = 12*d + 6. Let j(i) = i**2 + 5*i + 3. Give j(d).